-3)/3 - (1 + -7). Suppose -z*v + b = -33 - 30, -b = -2*v + 27. What is the tens digit of v?
1
Let t(z) be the second derivative of -3*z**5/5 + z**3/6 + z. Let i be t(1). Let r = 19 + i. What is the units digit of r?
8
Let y be (-12)/(-2)*2/6. Suppose -v = 4*o - 0*o - 44, y*o - v - 28 = 0. What is the units digit of o/(-10)*5/(-2)?
3
Suppose 4*k - 46 = -6. What is the units digit of k?
0
Suppose 6*q - 5*q - 17 = 0. Let z = q - -21. What is the tens digit of z?
3
Let z be -2 + -1 + 6 + 0. What is the tens digit of 5/((-60)/(-116))*z?
2
Let a(r) = 7*r + 2. Let i(s) = 10*s + 3. Let q(b) = -7*a(b) + 5*i(b). Let c be q(-5). What is the units digit of 18/(-15)*10/c?
3
Suppose -3*o + 195 = -189. Suppose 4*a - 64 = -2*j, 4*j + 0*a = -2*a + o. What is the tens digit of j?
3
Let g be 4 + -1 + 6/2. Suppose 0 = 4*b - 3*b - g. What is the units digit of 26/b - 1/3?
4
Suppose 18*d - 232 = 14*d. What is the units digit of d?
8
Let l be -5 + 6 - 1*5. What is the units digit of 42/l*(-14)/21?
7
Let b(l) = -l**3 - 7*l**2 - 9*l - 3. Let u be b(-7). Let c = u - 41. What is the units digit of c?
9
Let i be (0 + 2)/(-4)*-14. Suppose -i*r + 100 = -2*r. What is the tens digit of r?
2
Suppose -2*p + 0*p - 52 = 4*h, 4*p - 61 = 3*h. Let i(o) = -22*o - 26. Let j be i(-7). What is the units digit of 5/h - j/(-6)?
1
Let w(h) = h + 5. Let o = -49 + 69. Suppose -4*c - o = -2*t + 6*t, 3*t - 5 = c. What is the units digit of w(t)?
5
Suppose 0 = 6*w - 61 + 7. What is the units digit of w?
9
Let x(q) = 2*q**2 + 2. What is the tens digit of x(5)?
5
Let z(g) = -g**2 + 6*g + 4. Let q be z(5). Let x(b) = -b**2 + 2*b**2 + 10*b - 2*b**2 - 7. What is the units digit of x(q)?
2
Let j = -724 - -1100. What is the hundreds digit of j?
3
Let k(u) = u**3 + 4*u**2 - 9*u - 3. Let a be k(-6). Let f = -31 - -17. Let h = f - a. What is the units digit of h?
7
Let q(h) be the third derivative of -h**6/120 - h**5/30 - h**4/8 - h**3/2 - 7*h**2. What is the units digit of q(-4)?
1
Suppose -3*m + m + 2*x = -10, 15 = 3*m + x. Let c = -2 + m. Suppose 0 = 3*d + 3*w - 18, c*d - 10 = -2*d - w. What is the units digit of d?
1
Suppose -28 - 92 = -3*y. What is the tens digit of y?
4
Let m(n) = n**3 - 7*n**2 + 5*n + 6. Let i be m(6). Let a(z) = z - z**2 + 2 + 0 + 1. What is the units digit of a(i)?
3
Suppose 7 + 2 = -3*g. Let a(t) = -t**3 + t**2 - 2*t + 1. Let s be a(g). Suppose k - s = -3*m, 1 - 11 = 5*k. What is the tens digit of m?
1
Let n be 44 + 0 + (-2)/(-1). Suppose 0 = 5*o + 6 - n. What is the units digit of o?
8
Let u(w) = -w**3 + 8*w**2 + 10*w + 1. Let m = 5 + 4. What is the tens digit of u(m)?
1
Let b be -8*((-39)/12 + 3). Suppose 5*z = -5*m + 95, -z + b*m = -2 - 23. What is the units digit of z?
1
Let y(x) = -x**3 + x**2 + 3*x + 3. Suppose 2*m - 7 - 1 = 0. Suppose 3*n + 2*k - 2 + 16 = 0, m*n + 3*k + 20 = 0. What is the units digit of y(n)?
9
Suppose -5*t + 20 = -3*t. Let y(g) = -g**2 - 3*g - 1. Let l be y(-4). What is the units digit of l*2/t*-3?
3
Let j = 5 - 2. Suppose 0 = -2*w + 4*w - 3*p - 67, -j*p = 2*w - 73. Suppose -5*m = -4*i - i - w, 0 = -2*m + 4*i + 8. What is the tens digit of m?
1
Suppose 5*v - 4*i - 153 = -i, 0 = -2*v - 2*i + 58. What is the units digit of v?
0
Let c(o) = o**3 - 4*o**2 + 2*o + 1. Let l be c(3). What is the units digit of 4/((-1)/4*l)?
8
Let m be (-12)/18*9/(-2). Let b(y) = -y - 14 + m*y + 6 + y**2 + 5*y. What is the tens digit of b(-9)?
1
Suppose -9 = r + 3*f + 1, 4*r - 4 = -f. Suppose g - 15 = -r*g. Suppose 3*k = -2*n - 1, -2*k = g*n - 12 - 13. What is the units digit of n?
7
Let u be 3 - (-1)/(2/(-6)). Suppose u = -z + 5*a + 10, -4*a = 5*z - 61 - 18. Suppose 3*h - z = -2*x, -3*x + h + 45 = 6. What is the tens digit of x?
1
Let o(g) be the first derivative of -g**2/2 + 3*g + 2. Let r(x) = -6*x + 16. Let n(t) = -16*o(t) + 3*r(t). What is the units digit of n(-1)?
2
Suppose -g + 0 = -a + 2, 7 = -g + 2*a. What is the units digit of (0 - (0 + g)) + 10?
7
Suppose -3*u + 12 = 0, 6*i - 2*i = -u + 16. Suppose -i*b - 5 = 4*r, -2*r - 7 = -b + r. What is the units digit of (-3 + b)/(16/(-120))?
5
Let b(p) = -3*p - 6. What is the units digit of b(-4)?
6
Let k(q) = q**3 + 13*q**2 - 6*q - 29. What is the tens digit of k(-10)?
3
Let i(k) = k**3 + 5*k**2 - 9*k - 9. What is the units digit of i(-6)?
9
Let s be (-6)/(-9) - (-58)/3. Let c = s + -10. What is the tens digit of c?
1
Suppose -3*r = 15, -u + r = 2*r - 61. What is the units digit of u?
6
Let a(k) = 2*k + 2*k**2 - 5 + 0*k + 6*k. Let b = -28 + 22. What is the units digit of a(b)?
9
Suppose -12 = 3*j, -5*j + 0*j + 76 = 4*q. Suppose 0 = 4*v - 48 - q. What is the units digit of v?
8
What is the tens digit of 307 - -2 - (8 - 6)?
0
Let w(t) = -2*t**3 - 2*t**2 + t. Let q be w(-2). Suppose -2*u + h = -4 - q, -2*u + 4*h = -22. Suppose -u*g + 5 = 2. What is the units digit of g?
1
Let h = 98 - 58. What is the units digit of h?
0
Suppose 17*l - 629 = 459. What is the units digit of l?
4
Let w be (-6)/21 + 80/(-14). What is the units digit of w/(2 - -1)*-2?
4
Let r(f) = -5*f - 2. Let l(t) = 6*t + 3. Let q(g) = 3*l(g) + 4*r(g). What is the units digit of q(-1)?
3
Let s = 3 - 3. Let a(w) = -w**2 + 2. Let q be a(s). Let n = q - 1. What is the units digit of n?
1
Let v be (-4)/(-2)*30/4. Let x = -13 - -18. Suppose 0 = -s + 5, -x*s + v = -4*u + 2*u. What is the units digit of u?
5
Let d(p) = -p**2 - 11*p - 10. Let q be d(-10). Let y = q + 4. What is the units digit of y?
4
Let j = -3 + 2. What is the tens digit of (14 - 3)/(2 + j)?
1
What is the tens digit of (13/3)/(3/45)?
6
Suppose 2*p + 8 = -0. Let s = -1 - p. Suppose s*h + a - 4*a - 45 = 0, 3*h + 3*a - 15 = 0. What is the tens digit of h?
1
Let r(m) = 2*m + 6. Let z be r(-6). Let v = -1 - z. What is the units digit of v?
5
Suppose 2*p - 192 + 16 = 0. What is the units digit of p?
8
What is the tens digit of 90 - (-12)/(-9)*3?
8
Let x(m) = -m**3 - 11*m**2 + 2*m + 12. What is the hundreds digit of x(-12)?
1
Let k(q) = q**2 - 13*q + 10. Let n be k(8). Let w be 12/n - 77/(-5). What is the units digit of ((-8)/12)/((-2)/w)?
5
Let u = -20 + 25. Suppose 4*k - 306 = -5*j, 0 = -u*j + 2*k - 5*k + 302. What is the tens digit of j?
5
Let u = -121 + 123. What is the units digit of u?
2
Suppose p = -2*h + 8, 0 = -h + 2*h - 1. What is the units digit of ((-44)/p)/(2/(-3))?
1
Let v = 23 - 4. What is the tens digit of v?
1
Let u be ((-15)/(-2))/((-1)/2). Let v be (-164)/(-10)*u/(-6). Let r = -27 + v. What is the units digit of r?
4
Suppose -3*g - 9 = 0, 2 = 4*a - 3*g + 25. Let d = -5 - a. Suppose -6*j - 56 = -4*b - 2*j, 4*j = d*b - 37. What is the units digit of b?
9
Let w be 0 + 3 + -2 + 2. Suppose -4*z = 3*o - 101, 3*z + 39 = -o + w*o. What is the tens digit of o?
2
Suppose 0 = -10*i + 5*i + 220. What is the tens digit of i?
4
Let w be (2 - -2)/(1/7). Let y = -14 + w. What is the units digit of y?
4
What is the hundreds digit of ((-8)/(-24))/((-332)/333 - -1)?
1
Suppose 4*u + 8 = 24. Suppose -3 = w - 2*w + v, -u*v = 4*w - 4. Suppose a - 21 = -w*a. What is the units digit of a?
7
Let m(c) = c**3 - 5*c**2 + 3*c + 5. Let q be m(4). Let d = q + 1. What is the units digit of (-3)/3 - (-16)/d?
7
Let s be -7 + (-1)/(-2)*-2. Let b(t) = -9*t - 18. What is the tens digit of b(s)?
5
What is the tens digit of ((-9)/(-2))/((-6)/(-128))?
9
Suppose 2*d = 5*x + 12, 0 = -4*d - x + 12 + 12. Let f(h) = -h**3 + 6*h**2 + 6*h + 13. What is the tens digit of f(d)?
4
Let b(i) be the first derivative of -i**4/4 + i**2/2 + 10*i + 4. What is the units digit of b(0)?
0
Let i be (1 + -1)/(-2)*1. Suppose 2*w - 5*k + 11 = i, -6*w + 5*k - 7 = -2*w. What is the units digit of w?
2
Let y = -7 - -13. Let x be 2 + (1 - 1)*1. Suppose -20 = x*b - y*b. What is the units digit of b?
5
Suppose 10 = -4*b - 5*x, 4*x - 1 = -b + 2. What is the tens digit of (190/(-3))/b*3?
3
Let c(m) = m**3 + 2*m**2 - 3*m + 3. Let h be c(-3). Suppose -k + h*o = -22, -15 = -3*k - o + 11. Suppose 0 = -3*t + t + k. What is the units digit of t?
5
Let m be ((-2)/(-4))/((-3)/(-18)). Let q(i) = 2*i - m - 3*i + 12. What is the units digit of q(8)?
1
Let x(l) = 2*l**2 - 4*l - 3. What is the tens digit of x(-4)?
4
Let y(s) = 4*s**2 - 7*s + 25. What is the tens digit of y(4)?
6
Let g(m) = -m**3 + 9*m**2 + m - 4. Let f be g(9). Suppose f*i - 5*k - 65 = 0, 0*k = -5*i - 2*k